74191 composite?
True
Is 816129503 composite?
True
Is 3536312305 a composite number?
True
Is 7641399713 a composite number?
True
Is 5928032597 prime?
False
Is 11831576567 a prime number?
False
Is 9432631069 a composite number?
True
Is 607965641 a prime number?
True
Is 85126163 composite?
True
Is 30480937723 a prime number?
False
Is 4466677513 prime?
True
Is 21835573787 a composite number?
False
Is 447229703 composite?
False
Is 62661541841 composite?
False
Is 6094662517 prime?
True
Is 4724005931 a prime number?
False
Is 1653053527 a composite number?
False
Is 1175619607 a prime number?
False
Is 58181113303 prime?
False
Is 32667417907 composite?
False
Is 11449476781 a prime number?
False
Is 7433111159 composite?
True
Is 20959938731 composite?
False
Is 53544302393 a prime number?
True
Is 399988321 a prime number?
False
Is 477841303 prime?
False
Is 94315791382 composite?
True
Is 13551204571 prime?
False
Is 344727641 a composite number?
True
Is 63799605931 a prime number?
True
Is 8666442781 a composite number?
False
Is 10287248669 a composite number?
True
Is 675661435 composite?
True
Is 3662040937 a prime number?
False
Is 255327661 prime?
True
Is 2582835317 a prime number?
True
Is 44216647 a prime number?
True
Is 1340105899 a composite number?
True
Is 12754030249 a composite number?
False
Is 16070595647 a composite number?
False
Is 30017468809 prime?
True
Is 6563178737 a prime number?
False
Is 110168273 a composite number?
True
Is 2367122851 prime?
True
Is 707153459 a composite number?
False
Is 2139345133 a prime number?
False
Is 5754587957 a prime number?
True
Is 604350589 a prime number?
True
Is 405616301 a composite number?
True
Is 4753696039 composite?
False
Is 3046004473 a composite number?
True
Is 20592097 prime?
True
Is 3184280809 composite?
False
Is 1103959 a composite number?
True
Is 322724299 composite?
False
Is 16072596473 prime?
False
Is 68044043 prime?
False
Is 2149957319 a prime number?
False
Is 1387817377 a prime number?
True
Is 13418499493 composite?
True
Is 719874277 composite?
False
Is 489697283 a composite number?
False
Is 3113715621 a prime number?
False
Is 395131949 a composite number?
False
Is 17383648817 a prime number?
True
Is 134524463 prime?
False
Is 2849847137 a composite number?
False
Is 91693313315 a composite number?
True
Is 891609571 a composite number?
False
Is 62804507 prime?
True
Is 68027345317 prime?
True
Is 11236456711 a prime number?
True
Is 10599546521 composite?
False
Is 7585341523 composite?
False
Is 8311075547 composite?
True
Is 505985609 prime?
True
Is 2561606207 a composite number?
True
Is 17566696743 composite?
True
Is 5288644157 prime?
True
Is 90221944713 prime?
False
Is 10259771219 prime?
False
Is 8475940217 a prime number?
True
Is 61135095883 a composite number?
False
Is 30159407 a prime number?
False
Is 71229314243 a composite number?
False
Is 220313330399 prime?
True
Is 810086209 a composite number?
True
Is 30137044213 a prime number?
True
Is 44329530437 a prime number?
False
Is 5126044015 prime?
False
Is 42320967667 prime?
False
Is 4908250201 a composite number?
True
Is 112465080137 prime?
False
Is 284525113 prime?
True
Is 1084086881 prime?
False
Is 301634921 composite?
True
Is 202686643 prime?
True
Is 266693201 a composite number?
True
Is 91068147607 prime?
True
Is 16010540129 a composite number?
False
Is 1839414455 composite?
True
Is 90562299059 a prime number?
True
Is 52119563 prime?
True
Is 15117125381 prime?
True
Is 16441684177 prime?
False
Is 1510301977 composite?
True
Is 7175629 a prime number?
True
Is 15537474553 a composite number?
False
Is 341047715 a composite number?
True
Is 1208991571 prime?
True
Is 1497822407 composite?
False
Is 41966099849 a prime number?
True
Is 866949073 a prime number?
True
Is 11867287379 prime?
True
Is 1832583427 a prime number?
True
Is 234636917 a composite number?
False
Is 5370224306 prime?
False
Is 22025927171 a composite number?
True
Is 6471480817 prime?
False
Is 991398139 a composite number?
False
Is 6504660835 a prime number?
False
Is 9158620813 a composite number?
False
Is 2607269999 a prime number?
False
Is 117738391 composite?
False
Is 13504072333 composite?
True
Is 1247740157 prime?
False
Is 1396670731 a composite number?
True
Is 27584177 a composite number?
False
Is 27354501753 composite?
True
Is 2964889469 a composite number?
False
Is 8288310649 prime?
False
Is 6432326435 composite?
True
Is 19525217659 a composite number?
False
Is 653955169 a prime number?
False
Is 1531121281 a prime number?
True
Is 17614772159 a prime number?
True
Is 3277942183 prime?
True
Is 6960673639 a composite number?
False
Is 13713869413 a composite number?
True
Is 245975591 a prime number?
True
Is 4951847267 a prime number?
True
Is 86076963919 a composite number?
True
Is 72135264027 composite?
True
Is 1454149951 a prime number?
True
Is 222930618167 composite?
False
Is 7127173549 a prime number?
False
Is 3601049707 a prime number?
False
Is 55974389683 composite?
False
Is 301114469 a prime number?
True
Is 4282346447 composite?
False
Is 9052524773 prime?
False
Is 1977738391 prime?
True
Is 6030680543 a composite number?
False
Is 1555541791 a prime number?
True
Is 1399818379 a composite number?
False
Is 1584593393 prime?
True
Is 5699524291 composite?
False
Is 6577426547 prime?
False
Is 1299591229 a composite number?
False
Is 65716128791 a composite number?
True
Is 494511029 composite?
False
Is 2970468049 prime?
False
Is 128041626499 a composite number?
False
Is 2172486109 composite?
True
Is 1135327831 a composite number?
True
Is 20691053 prime?
False
Is 3301114067 prime?
True
Is 90058428281 prime?
True
Is 79806390109 a composite number?
False
Is 23045574883 prime?
False
Is 951423013 composite?
True
Is 100444961 prime?
True
Is 12614743991 prime?
True
Is 12680986081 a prime number?
True
Is 4397240873 composite?
True
Is 2313295373 a prime number?
False
Is 20113463663 a composite number?
False
Is 52199508319 a prime number?
False
Is 3277130641 a composite number?
False
Is 28714849 prime?
False
Is 90285599113 a prime number?
False
Is 15036297827 a prime number?
True
Is 74093403479 prime?
True
Is 41498716723 a composite number?
True
Is 997002583 a prime number?
True
Is 636254638 composite?
True
Is 81704278703 composite?
True
Is 2479395067 a prime number?
False
Is 2317426703 a prime number?
False
Is 254481949 prime?
False
Is 220425755329 composite?
True
Is 68596667421 a prime number?
False
Is 7775714893 composite?
True
Is 19974353561 composite?
False
Is 5754202991 a prime number?
False
Is 14232777313 composite?
True
Is 4365065249 a composite number?
True
Is 10655585609 a composite number?
True
Is 2888552369 a prime number?
False
Is 908701361 a prime number?
True
Is 2797958851 a composite number?
False
Is 42596587 composite?
True
Is 3479830007 a prime number?
True
Is 136750652761 a composite number?
False
Is 225718583413 prime?
False
Is 116770369327 a prime number?
False
Is 130156307989 composite?
False
Is 29232968731 prime?
True
Is 415500395 composite?
True
Is 16202888459 prime?
True
Is 587995937 a composite number?
True
Is 319868453 prime?
True
Is 2078896949 prime?
True
Is 5470777967 prime?
False
Is 2484183683 prime?
False
Is 2413788149 composite?
False
Is 23342144647 a prime number?
True
Is 17079421441 composite?
False
Is 2094912802 a composite number?
True
Is 18000806081 prime?
True
Is 7568056189 composite?
True
Is 11072636867 prime?
False
Is 166298480363 composite?
False
Is 31181715757 prime?
True
Is 269595553 a prime number?
True
Is 500479873 composite?
False
Is 1213490777 a composite number?
False
Is 21928889183 prime?
True
Is 47025921601 a prime number?
False
Is 1398157757 composite?
False
Is 4958593961 prime?
False
Is 8786954887 prime?
True
Is 2536242011 a composite number?
False
Is 69041837563 a prime number?
False
Is 22722578161 composite?
True
Is 3962187661 composite?
True
Is 3004615891 a prime number?
True
Is 1114906253 composite?
False
Is 28657868791 a prime number?
False
Is 12133844183 a prime number?
True
Is 10449911009 prime?
False
Is 18424347647 a prime number?
True
Is 20720530451 prime?
True
Is 11828709181 prime?
False
Is 167408893 composite?
False
Is 1522553089 composite?
True
Is 5410787827 prime?
True
Is 545471207 a composite number?
True
Is 67822782377 a composite